of p?
7, 163
Let h(t) = 39*t**2 + 11. List the prime factors of h(2).
167
Let m be 2 - (1 + -1) - -16. Let z = 316 + -270. Let j = z - m. What are the prime factors of j?
2, 7
Let y be 2/3 + (-213)/9. Suppose -15*p = -18*p + 81. Let k = p + y. What are the prime factors of k?
2
Suppose 5*z = -4*c + 6*c - 771, 2*z = c - 385. What are the prime factors of c?
383
Let z be (5/(-1))/20*0 - -28. Let a = 74 + 33. What are the prime factors of (-8)/z + a/7?
3, 5
Suppose -4*h = 5*a - 549, -h = -a + 98 + 10. Let k = a + -50. List the prime factors of k.
59
Let x = -3 - -16. Suppose x*z - 144 = 9*z. What are the prime factors of z?
2, 3
Let m(p) = p**3 - 4*p**2 + 4*p - 1. Let v be (-2 + 4)*(-6)/(-4). Let l be m(v). Suppose 105 = 3*j + l*j. List the prime factors of j.
3, 7
Suppose 0 = -5*z + 2*h - 101, -z + 0*h + 5*h = 11. Suppose -2*o = -3*o + 1164. What are the prime factors of o/28 + 12/z?
41
Let w(z) = 19*z - 8 - 20*z + 21. List the prime factors of w(4).
3
Let q(s) = s**3 + 6*s**2 - 9*s + 8. Let b(d) = d - 1. Let y be b(3). Suppose -8 - 6 = y*x. What are the prime factors of q(x)?
2, 11
Let p = 2296 - 1157. List the prime factors of p.
17, 67
Let v = -19 + 12. Suppose -z + 5 = -2*s, 2*z + 20 = 4*z + s. Let g = z + v. What are the prime factors of g?
2
Let h(b) = 3*b**3 + 82*b**2 + 103*b - 112. Let m(d) = d**3 + 27*d**2 + 34*d - 37. Let n(p) = 2*h(p) - 7*m(p). What are the prime factors of n(-24)?
227
Let i = -780 + 1550. What are the prime factors of i?
2, 5, 7, 11
Let c = 6766 - 4042. What are the prime factors of c?
2, 3, 227
Let s(f) = -320*f - 20. List the prime factors of s(-3).
2, 5, 47
Let v(u) = u**2 - 30*u + 98. What are the prime factors of v(35)?
3, 7, 13
Suppose 32 = 4*k - 2*r + 4*r, 0 = -k + r + 14. Suppose 0 = -5*p - k*p + 1995. List the prime factors of p.
7, 19
List the prime factors of (-166)/4*(-20)/(2 - -3).
2, 83
Suppose 4*f - 5052 - 6484 = 0. What are the prime factors of f?
2, 7, 103
Suppose -r - 8*r = 18. What are the prime factors of (-99)/(-165) + ((-222)/(-5) - r)?
47
Suppose 4*g + 6 = 18. Suppose 5*n - 219 = -s, -83 = -g*n + s + 50. Suppose 2 - n = -2*z. What are the prime factors of z?
3, 7
Let i = -23 - -25. Suppose 0 = -i*w + 8*w. Suppose -g + 4*n + 13 = -26, w = 5*g - 5*n - 255. What are the prime factors of g?
5, 11
Suppose 4*c - 27972 = -23*c. List the prime factors of c.
2, 7, 37
Let l = -441 - -631. Let p = -57 + l. List the prime factors of p.
7, 19
Let n(m) = 3*m**2 - 2*m + 1. Let q be n(1). Suppose 8 = 2*x, 0 = q*z - 4*z - 3*x + 16. What are the prime factors of (4 + z)/(6/8)?
2
Let t be 105/9 + 3/9. Let a = 14 - t. List the prime factors of 2*(16 - (a - -1)).
2, 13
Suppose 0 = -2*v - 2*v + 8, v = -3*h + 2. Suppose -476 = -h*p - 4*p. List the prime factors of p.
7, 17
Let k be 75*(3/(-9))/(-1). Let l be k + (-1)/(2/6). Let f = l + -15. What are the prime factors of f?
7
Suppose -5*j = -36 - 9. Let g be 7/3 + (-4)/12. Let w = j + g. What are the prime factors of w?
11
Let x be 22/7 - (-1)/(-7). Suppose 0 = x*h - 5*v + 7*v - 476, 0 = h + 3*v - 147. List the prime factors of h.
2, 3
Suppose 3*b + 5*a - 4694 = -1206, 0 = -3*b + 3*a + 3456. List the prime factors of b.
2, 17
Suppose -5*n + 244 + 3391 = 0. What are the prime factors of n?
727
Let b = -21 + 22. Suppose -b = n - 65. Suppose -3*x + 2*p + n = -21, 3*x + p = 70. What are the prime factors of x?
5
List the prime factors of 0 + -1164*(8 + -2)/(-12).
2, 3, 97
Suppose -43 = 2*g + 5*x - 170, -2*g + 2*x = -134. Suppose -y = j - 0*y - 64, y = 5*j - 308. Suppose -8*w + g = -j. List the prime factors of w.
2
Let d be (3/5)/((3/5)/3). Let b be 0*(-1 - (1 - 1)). Suppose b = -5*y - 2*i - 0*i + 90, 0 = d*y + 3*i - 63. What are the prime factors of y?
2
Let p = 6 - 3. Suppose -i + p*u = -2*i + 65, -3*u = 0. What are the prime factors of i?
5, 13
Let c(m) = -141*m**2 + 3*m + 1. Suppose -5*j + 8*j + 3 = 0. Let p be c(j). Let x = p - -201. What are the prime factors of x?
2, 29
Suppose 2*g = -4*r - 290, 220 = -5*r + 2*g - 165. Let u be 6/14 + (-2520)/49. Let c = u - r. What are the prime factors of c?
2, 3
Let q = 9 - 5. Suppose 4*s - q*j - 4 = 0, -2*j - 3*j = -3*s - 5. Suppose -3*c + 26 = 2*w + 5, -75 = -4*w + s*c. List the prime factors of w.
3, 5
Suppose -3*s + 134 = 4*r - 221, r - 80 = s. Let i = 189 - r. What are the prime factors of 2/(-2 + i/50)?
5
Suppose 5*b + 306 = -3*p - 336, -3*p = 3*b + 384. Let o = b - -246. List the prime factors of o.
3, 13
Let c be -7 + 6 + 2 - (-15 + -2). Let r = 229 + -76. List the prime factors of ((-12)/c)/((-3)/r).
2, 17
Let y be 42 - (1 - 0 - 4). Let w = -36 + y. List the prime factors of w.
3
Let r(v) = 3*v - 9. Let k be r(6). Let c = k - 6. Suppose c*j - 5*d - 62 + 17 = 0, -j + 15 = 4*d. List the prime factors of j.
3, 5
Let a(x) = -82*x**2 + 38*x**2 + 4 + 6*x + 46*x**2. List the prime factors of a(-7).
2, 3, 5
Let z = -175 - -266. What are the prime factors of z?
7, 13
Let n(u) = -u**2 + u - 23*u + 30 - 9. What are the prime factors of n(-22)?
3, 7
Let l = -235 - -430. Suppose 3*o - 593 = 5*v, 0 = o - 6*v + 3*v - l. List the prime factors of o.
3, 67
Suppose 0 = -5*y + o - 10, -5*y + 4*o - 5*o = 10. What are the prime factors of (-1 - y)/((-5)/(-245))?
7
Suppose -5*g - 7 - 13 = 0, -101 = -3*b + 5*g. Let i = b - -57. What are the prime factors of i?
2, 3, 7
Suppose 11 = b + s, -b - 2*s + 6*s - 9 = 0. Let j(n) = -n**2 + 8*n - 10. Let w be j(b). What are the prime factors of (w - 1) + (19 - 1)?
2, 7
Let p(t) = -2*t - t**2 + t**3 + t**3 - 3*t**3 + 8 + 5*t**2. Let k be p(4). Suppose 2*j + u = -k*u + 40, 2*j = -5*u + 48. What are the prime factors of j?
19
Suppose 4*l = -4 + 24. Suppose l*z + 348 = 4*n, 5*n = 2*z - 0*n + 129. Let j = -40 - z. List the prime factors of j.
2
Suppose 49*c - 8*c - 24313 = 0. What are the prime factors of c?
593
Let y be (0 + 1)/(1/20). Let h = -38 + 22. Let q = y - h. What are the prime factors of q?
2, 3
Let v(a) = 9*a**2 - 38*a + 22. What are the prime factors of v(11)?
3, 7, 11
Let w = 30 + -27. Suppose 2*c - a + 46 = -c, -5*c + w*a = 70. Let p = -7 - c. What are the prime factors of p?
2, 5
Let x(c) = -c**3 - c**2 + c - 19. Let y be x(0). Let i(o) = -o**3 - 19*o**2 - 3*o - 27. What are the prime factors of i(y)?
2, 3, 5
List the prime factors of (-44664)/(-56) + 0 + 4/(-7).
797
Let z = 687 - 241. Let m = z - 256. What are the prime factors of m?
2, 5, 19
Let g(p) = -p**2 - 5*p + 18. Let k be g(-8). What are the prime factors of (-4)/((k/15)/((-111)/(-5)))?
2, 3, 37
Suppose -211*i + 214*i = 5*m - 19020, -4*m = 3*i - 15189. List the prime factors of m.
3, 7, 181
Let x be -4 + 5 - 1/1. Let c(w) = -w**3 - w**2 + 2. Let t be c(x). Suppose t*k + 3*o = 4*k - 31, -5*k = -3*o - 82. List the prime factors of k.
17
What are the prime factors of 2/(-3)*-9 + 690?
2, 3, 29
Suppose 4*b - 4*s - 12 = 0, b - 2*s - 16 = -3*b. Let k = b + 8. What are the prime factors of k?
13
Let f be (-1*(534 - 5))/(-1). Suppose -z + 171 = 4*y, 4*y - f = -4*z + z. List the prime factors of z.
179
Suppose -9170 = -7*a + 5467. What are the prime factors of a?
3, 17, 41
Suppose -18*d = -17*d + 37. Let c = 5 - d. List the prime factors of c.
2, 3, 7
Let r be (-2*1)/((-10)/15). Suppose 4*s - r*s = 134. What are the prime factors of s?
2, 67
Suppose 36*m = 42*m - 7368. What are the prime factors of m?
2, 307
Suppose -x + 12 + 20 = -4*v, 5*v = 2*x - 37. What are the prime factors of 23/(-1)*(v + 7)?
2, 23
Suppose -5*m + 4*a = 19 + 29, 0 = -4*m - 5*a - 63. List the prime factors of (-858)/m*(-1 - -3).
11, 13
Suppose 6*y + 4 = 16. What are the prime factors of -1*y/10 + (-126)/(-5)?
5
Let v(w) = -49*w + 8. Let f be 3/2*(-56)/(-12). Let y(k) = -33*k + 5. Let n(b) = f*y(b) - 5*v(b). What are the prime factors of n(2)?
23
Suppose -5*t + 0*t + 4*y + 130 = 0, -125 = -4*t - y. List the prime factors of t.
2, 3, 5
Let s(u) = u**3 - 6*u**2 - 6*u - 4. Let g be s(7). Let k(l) = 11*l - 12. What are the prime factors of k(g)?
3, 7
Suppose 0 = x - b + 3*b - 1, 1 = -b. Suppose q + x*q + 5*t = 223, -170 = -3*q - t. What are the prime factors of q?
3, 19
Let c be (12 + -6)*1/3. What are the prime factors of (c/(-4))/(3/(-456))?
2, 19
Let z = -3300 - -6609. What are the prime factors of z?
3, 1103
Let u be (1 - 2)*0*3/9. Suppose 9*z - 10*z + 222 = u. List th